+ 168 = -5*h. List the prime factors of x.
2, 3, 7
Let k(m) = -3*m. Let v be k(-5). Let b be (-27)/(-5) - 6/v. Suppose 16 = 2*o + b*q - 8, -2*q = o - 10. What are the prime factors of o?
2
Let l = -1 - -1. Let o = l + 5. What are the prime factors of o?
5
Let a(s) = -s**3 + 5*s**2 - 6*s + 5. Let y be a(3). Suppose o - 35 = -y. List the prime factors of o.
2, 3, 5
Suppose 0 = -8*m + 6*m + 416. List the prime factors of m.
2, 13
Let o = -21 + 69. List the prime factors of o.
2, 3
Let x(t) = t**3 + 11*t**2 + t + 15. List the prime factors of x(-11).
2
Let d = 19 - 28. List the prime factors of (-426)/d - (-2)/3.
2, 3
Let h(w) = w**2 - 5*w - 10. Let f be h(7). Suppose -3*d - f = 14. Let c(u) = u**3 + 5*u**2 - 8*u - 6. What are the prime factors of c(d)?
2, 3
Let t(a) = -a**3 - 5*a**2 + a + 1. Let v be t(-5). Let r = 3 - v. Suppose 0 = -0*k + k - r. List the prime factors of k.
7
Suppose -6*g + 2*g = 48. Let d = 17 + g. List the prime factors of d.
5
Suppose 3*g - 7 + 4 = 0. Let t = g + 2. What are the prime factors of t?
3
Let f(t) = t - 3. Let l be f(6). Let s(n) = -l*n + 3 - n**2 + 0*n**2 - 4*n. What are the prime factors of s(-6)?
3
Let m = 7 + -6. Suppose 0 = -u + h + 7, 0 = -2*u - u - 2*h + m. Suppose 0*g = -u*g + 45. What are the prime factors of g?
3, 5
Let k(r) be the second derivative of -r**5/20 - r**4/12 - r**3/6 + r**2/2 - 3*r. List the prime factors of k(-3).
2, 11
Let r(w) = -6*w - 1. Let s be r(3). Let l = s + 31. Suppose -14 = -2*g + l. List the prime factors of g.
13
Suppose -100 = 2*y + 2*x, 4*y - x = -2*x - 191. Let r = -29 - y. Suppose -3*i = -o + 17, -4*o - 3*i + 5 = -r. What are the prime factors of o?
2
Suppose -4*r = 3*b, 2*r - 3*b - b = 0. Suppose f - 15 = 2*p - r*p, 0 = -f - 3*p. List the prime factors of f.
3
Suppose 0 = -4*p - 4*m - 28, -4*p - 2*m - 2 = -6*p. Let u be -2 - (14 + 3/p). What are the prime factors of (u - -3)/(-3)*2?
2
Suppose 3*i - 4*j - 4 = 0, -2*i + 2*j - 2 + 4 = 0. Suppose 64 = -i*q + 4*q - t, 0 = 3*q + t - 41. List the prime factors of q.
3, 5
Suppose z + 39 = 152. What are the prime factors of z?
113
Suppose 6*o - 16 = 170. List the prime factors of o.
31
Let z(g) = -2*g + 31. What are the prime factors of z(-15)?
61
Suppose -5*u = t + 2*t - 358, -u + 62 = 3*t. List the prime factors of u.
2, 37
Let w(x) = 4*x - 4. Let g be w(6). Suppose -4*l + 4 = -4*t - g, 0 = 2*l + 2*t - 28. What are the prime factors of l?
2, 5
Suppose a + 8 = -4*z, -z - 1 = -4*a - 16. List the prime factors of -5*(-1)/1 + z.
2
Suppose 116 = 3*p - 5*m, -2*p + 69 = -2*m - 3*m. Suppose -2*v = -a - 22, 4*a + p + 14 = 5*v. What are the prime factors of v?
3
Let i = -36 - -149. List the prime factors of i.
113
Let l(u) = u + 1. Let q be l(4). Suppose -12 + 3 = -3*y. Suppose q*k - y*k = 22. What are the prime factors of k?
11
Suppose 4*o - 3*d - 102 = 0, o + 3*d - 11 = 22. What are the prime factors of o?
3
Let w = -106 + 109. What are the prime factors of w?
3
Let x(a) = -4*a - 16 + 4*a + 4*a + 8*a. What are the prime factors of x(5)?
2, 11
List the prime factors of (20/40)/(-2*(-2)/1000).
5
Suppose 334 = 5*g + 134. Let u = g + -19. What are the prime factors of u?
3, 7
Let t = 26 - 26. Let u = 23 + t. What are the prime factors of u?
23
Suppose 0 = -3*n + 2*c + 22, 3*n + c = 8*n - 32. Let d be (-12)/n*2*-1. Let a = d - 1. What are the prime factors of a?
3
Let u(c) = c**3 + 6*c**2 + c + 7. Let n be u(-6). Let w(t) = t**3 + t. Let b be w(n). List the prime factors of (b + (-4)/(-3))*3.
2, 5
Suppose 4*n - 3*f + 37 = 2*f, n = -3*f + 12. Let t be (-2)/6 + (-100)/n. Suppose -2*s + 3*k + t = 0, -s = 2*s + k - 33. What are the prime factors of s?
2, 3
Let q = 16 + -14. List the prime factors of q.
2
Let y(m) = 2*m + 7*m + 0*m + 4*m. Let j be y(-1). Let z = 20 + j. What are the prime factors of z?
7
Let g(l) be the first derivative of 2 - 3*l + 1/3*l**3 - 2*l**2. List the prime factors of g(7).
2, 3
Suppose -2*m = -m - 2. List the prime factors of m.
2
Suppose q + 7 = -c, 0 = -2*c + 4*q - 6 + 4. Let t be (4 + c)*0/(-2). Suppose t = -i + 2*i - 4. What are the prime factors of i?
2
Let o(i) = 5*i. Let b = -1 + 2. Suppose -5*w = 5*m - 15, -w + 0 = -3*m + b. What are the prime factors of o(w)?
2, 5
Let h = -28 + 12. Let q = -28 - h. What are the prime factors of (2 - (q - -1)) + -2?
11
Let h be 151 - 2*(-3)/(-6). Suppose 5*x = -5*m + h, -m + x = 2*m - 102. List the prime factors of m.
3, 11
Suppose -666 = -5*v + 3*i, i + 3 = 1. List the prime factors of v.
2, 3, 11
Suppose -4*t = -120 - 12. List the prime factors of t.
3, 11
Let z(t) = 2*t**2 - t + 19. List the prime factors of z(9).
2, 43
Let b(r) = -2*r + 1. Let h = 8 - 9. Let t be b(h). What are the prime factors of (-3)/(-6*t/120)?
2, 5
Suppose -5*i - 156 = -l - 2*l, 0 = 3*l + i - 174. What are the prime factors of l?
3, 19
Suppose -4*b = 3 - 23. Suppose -j + 3*l - l + b = 0, -l - 9 = -j. What are the prime factors of j?
13
What are the prime factors of (-2)/8 + (-3650)/(-40)?
7, 13
Let f(r) = 11*r + 58. Let j(o) = 5*o + 29. Let w(s) = 3*f(s) - 5*j(s). Let q(d) = -3*d - 10. Let a(m) = 11*q(m) + 4*w(m). List the prime factors of a(0).
2, 3
Let h(u) = -u**3 + 0*u**2 + 10*u**2 + 4*u - 11*u - u**2 - 5. What are the prime factors of h(8)?
3
Let x(z) = 27*z - 7. List the prime factors of x(3).
2, 37
Suppose -89 - 63 = -4*q. List the prime factors of q.
2, 19
Suppose 2 - 5 = 3*g. Let t(w) = 4*w**2 + 6*w - 3. Let y(m) = m**2 + m. Let l(z) = g*t(z) + 5*y(z). What are the prime factors of l(3)?
3
Let n = 85 + -49. What are the prime factors of n?
2, 3
Let z(o) be the first derivative of -o**3/3 + 9*o**2/2 - 8*o - 3. Let g be z(6). What are the prime factors of 26/g + 2/5?
3
Suppose 4*w + 4*s - 293 = 3*s, -s = -3*w + 218. What are the prime factors of w?
73
Let r = 6 + -2. Let i(v) = v - 4*v + r*v + v**2 + 2. List the prime factors of i(-2).
2
Suppose -5*k - 100 = 2*c, 0 = -5*k - c - 67 - 28. What are the prime factors of ((-66)/8)/(k/48)?
2, 11
Let x = -240 - -365. What are the prime factors of x?
5
Let d(i) = 0 - i**3 - 6 + 0*i**2 + 6*i**2. What are the prime factors of d(5)?
19
What are the prime factors of -6*(16/(-6))/4?
2
Let s(t) = t**3 + 9*t**2 + 7*t - 8. Let y be s(-8). Suppose 2*w = -y*w - 4. List the prime factors of 50/6 - w/(-6).
2
Suppose -m - 22 = -2*m. Suppose -2*r - m = -3*r. What are the prime factors of r?
2, 11
Let o(n) = -n - 8. Let b(s) = -2*s - 2. Let m be b(2). Let g be o(m). What are the prime factors of -2 + g*1 + 16?
2, 3
Let n(m) = -1 - 5*m + 0 + 22*m. Suppose 4*d - 6 = 2*g, -1 = 3*d + 4*g - 0. What are the prime factors of n(d)?
2
Let v(s) = s + 14. What are the prime factors of v(-6)?
2
Let b be (8/6)/(4/6). Suppose 3*s + b*h = 20, 6*h - 4*h + 4 = 3*s. List the prime factors of 6/s - 114/(-12).
11
Let p(d) = -d**2 + 2. Let h be p(0). Let x(k) = 2 + 0*k - 1 - 5*k**h + 2*k + 0 + k**3. What are the prime factors of x(5)?
11
Suppose 5*m - 43 - 22 = 0. List the prime factors of m.
13
Suppose 0 = 5*d - 2*f - 33 - 4, 3*d - 23 = f. What are the prime factors of d?
3
Let a be 27 - 1/2*2. Suppose -z = z - a. List the prime factors of z.
13
Let n(s) = 3*s + 1. Let z(i) = i. Suppose 3*u = -m - 8, u - 2*u - 5*m = -2. Let y(r) = u*n(r) + 12*z(r). What are the prime factors of y(4)?
3
Let b be 3/(2 - (-62)/(-32)). Let o(v) = v**3 - 3*v**2 - 5*v + 6. Let n be o(4). Suppose -n*i + b = 2*i. What are the prime factors of i?
2, 3
List the prime factors of (-4)/(-5) - 3755/(-25).
151
Suppose -5 = 3*p - 26. Suppose -5*r - p = -67. What are the prime factors of r?
2, 3
List the prime factors of (-1106)/(-10) + (-4)/(-10).
3, 37
Let q be (0 - 2/1) + 3. What are the prime factors of (-6)/(-1 - q/(-4))?
2
Let r(w) = 5 + 4*w - w - 2*w. Let b be r(0). Suppose 0 = -4*a - 13 + b, d = -3*a - 1. What are the prime factors of d?
5
Let p be ((-98)/21)/((-2)/(-3)). Let z = 18 + p. What are the prime factors of z?
11
Let u(l) = -l**2 - 9*l - 10. Let z be u(-7). Suppose 2*g + 6 = 0, 2*b = -z*g - g + 71. What are the prime factors of b?
43
Let u(v) = -8*v + 5. Suppose -11 = 4*h + 1. List the prime factors of u(h).
29
Suppose 7*c = 4*c + 36. List the prime factors of c.
2, 3
Let u(q) = 217*q + 1. Let p be u(1). Let l = p + -74. List the prime factors of l/20 - (-2)/(-10).
7
Suppose i = -21 + 129. Suppose -